on factor of 5611 and 93.
31
Calculate the greatest common divisor of 783 and 27.
27
Calculate the highest common divisor of 3740 and 460.
20
Calculate the greatest common factor of 95 and 5.
5
What is the greatest common divisor of 20 and 1460?
20
What is the greatest common factor of 175 and 575?
25
What is the greatest common divisor of 11718 and 2646?
378
What is the highest common divisor of 42 and 1141?
7
Calculate the highest common factor of 215 and 50.
5
Calculate the highest common divisor of 26 and 2587.
13
What is the greatest common factor of 84 and 192?
12
Calculate the greatest common divisor of 40 and 30.
10
What is the highest common factor of 1404 and 756?
108
What is the highest common factor of 192 and 14272?
64
Calculate the greatest common divisor of 28 and 756.
28
Calculate the highest common factor of 90 and 50.
10
What is the highest common factor of 1072 and 871?
67
What is the highest common factor of 122 and 6893?
61
Calculate the highest common divisor of 2637 and 36.
9
Calculate the greatest common factor of 32 and 304.
16
Calculate the greatest common factor of 220 and 22.
22
What is the greatest common factor of 56 and 952?
56
Calculate the highest common factor of 1643 and 155.
31
Calculate the highest common factor of 28872 and 72.
72
What is the greatest common factor of 7471 and 31?
31
Calculate the highest common divisor of 74 and 518.
74
Calculate the highest common divisor of 16 and 34.
2
What is the greatest common divisor of 22 and 86?
2
Calculate the highest common divisor of 477 and 477.
477
What is the highest common factor of 9219 and 21?
21
What is the highest common divisor of 7371 and 126?
63
What is the greatest common divisor of 17 and 30617?
17
What is the greatest common divisor of 3208 and 32?
8
Calculate the highest common divisor of 17 and 272.
17
Calculate the highest common divisor of 26 and 24271.
13
What is the highest common factor of 1 and 64?
1
Calculate the greatest common divisor of 2072 and 112.
56
What is the greatest common factor of 2 and 3?
1
Calculate the highest common divisor of 105 and 2163.
21
Calculate the highest common divisor of 49 and 784.
49
Calculate the greatest common factor of 3 and 327.
3
What is the highest common divisor of 657 and 10731?
219
What is the highest common factor of 245 and 10?
5
What is the highest common factor of 50 and 20?
10
Calculate the highest common divisor of 3127 and 159.
53
Calculate the greatest common factor of 2516 and 272.
68
What is the greatest common divisor of 16 and 1328?
16
What is the highest common divisor of 35 and 4235?
35
Calculate the greatest common divisor of 473 and 215.
43
What is the greatest common factor of 3325 and 7?
7
Calculate the greatest common factor of 88 and 16.
8
What is the greatest common factor of 40 and 2360?
40
Calculate the highest common factor of 2350 and 376.
94
Calculate the greatest common divisor of 55 and 880.
55
Calculate the greatest common factor of 143 and 65.
13
What is the greatest common factor of 209 and 1349?
19
Calculate the highest common factor of 405 and 171.
9
What is the highest common factor of 19803 and 138?
69
Calculate the highest common divisor of 476 and 434.
14
What is the highest common factor of 6 and 123?
3
Calculate the highest common factor of 14819 and 203.
203
Calculate the highest common divisor of 690 and 10.
10
What is the greatest common factor of 130 and 78?
26
What is the highest common divisor of 90 and 72?
18
What is the greatest common factor of 65 and 35?
5
Calculate the greatest common factor of 497 and 14.
7
Calculate the greatest common divisor of 476 and 204.
68
Calculate the greatest common divisor of 33 and 723.
3
Calculate the highest common factor of 864 and 80.
16
What is the highest common divisor of 6 and 93?
3
Calculate the greatest common divisor of 1450 and 116.
58
What is the greatest common factor of 20 and 170?
10
Calculate the highest common divisor of 714 and 1050.
42
Calculate the greatest common factor of 319 and 11.
11
Calculate the highest common divisor of 1 and 343.
1
Calculate the highest common divisor of 304 and 32.
16
Calculate the greatest common divisor of 578 and 272.
34
What is the greatest common divisor of 19725 and 75?
75
Calculate the highest common factor of 156 and 5564.
52
What is the greatest common divisor of 27 and 207?
9
Calculate the highest common factor of 548 and 256.
4
What is the greatest common factor of 168 and 36?
12
What is the highest common divisor of 1908 and 159?
159
Calculate the greatest common divisor of 385 and 35.
35
Calculate the highest common divisor of 14 and 2.
2
What is the highest common divisor of 63 and 15?
3
What is the greatest common divisor of 24 and 6?
6
Calculate the greatest common divisor of 2262 and 1392.
174
Calculate the greatest common divisor of 273 and 975.
39
Calculate the greatest common factor of 18 and 102.
6
What is the highest common factor of 368 and 88?
8
Calculate the greatest common divisor of 31 and 1333.
31
What is the greatest common factor of 1440 and 460?
20
Calculate the highest common factor of 26 and 650.
26
Calculate the highest common factor of 222 and 962.
74
Calculate the highest common divisor of 966 and 5934.
138
What is the greatest common divisor of 1221 and 22?
11
Calculate the greatest common factor of 21 and 1435.
7
What is the highest common factor of 781 and 142?
71
Calculate the greatest common divisor of 19749 and 87.
87
Calculate the greatest common divisor of 184 and 46.
46
What is the greatest common divisor of 145 and 65?
5
Calculate the greatest common factor of 24 and 1236.
12
What is the greatest common divisor of 1356 and 24?
12
What is the highest common divisor of 305 and 67100?
305
Calculate the highest common divisor of 9664 and 151.
151
What is the highest common divisor of 512 and 7936?
256
What is the greatest common divisor of 18 and 30?
6
Calculate the greatest common factor of 316 and 28.
4
What is the highest common divisor of 87 and 2349?
87
What is the greatest common factor of 391 and 85?
17
Calculate the highest common factor of 72983 and 59.
59
What is the highest common factor of 517 and 423?
47
What is the highest common divisor of 33 and 1188?
33
What is the greatest common divisor of 70 and 56?
14
Calculate the greatest common divisor of 238 and 28.
14
What is the greatest common divisor of 44 and 154?
22
Calculate the highest common factor of 2622 and 4902.
114
What is the highest common factor of 4997 and 2367?
263
Calculate the greatest common divisor of 86 and 4.
2
What is the greatest common factor of 18 and 99?
9
Calculate the greatest common divisor of 4719 and 13.
13
What is the highest common factor of 59028 and 12?
12
What is the highest common factor of 26 and 2353?
13
What is the greatest common factor of 28 and 16583?
7
What is the greatest common divisor of 15 and 645?
15
What is the highest common divisor of 256 and 6816?
32
What is the greatest common divisor of 152 and 8?
8
What is the greatest common factor of 81 and 107649?
81
What is the highest common factor of 378 and 1782?
54
What is the highest common divisor of 18937 and 58?
29
What is the greatest common factor of 111 and 57?
3
Calculate the greatest common factor of 917 and 655.
131
Calculate the highest common factor of 156 and 132.
12
Calculate the greatest common factor of 158 and 7189.
79
What is the highest common divisor of 81 and 3321?
81
What is the highest common factor of 1073 and 333?
37
What is the highest common factor of 22 and 11?
11
Calculate the greatest common factor of 395 and 79.
79
What is the greatest common factor of 144 and 1980?
36
Calculate the greatest common divisor of 11 and 3245.
11
Calculate the highest common divisor of 2232 and 216.
72
Calculate the greatest common divisor of 132 and 468.
12
What is the highest common factor of 399 and 105?
21
What is the highest common factor of 56 and 35?
7
What is the highest common divisor of 11 and 1133?
11
What is the greatest common factor of 275 and 22?
11
Calculate the greatest common factor of 9 and 303.
3
Calculate the greatest common divisor of 7640 and 40.
40
What is the greatest common divisor of 141 and 15?
3
What is the highest common divisor 